f m?
0
Let s(o) = o**3 - 2*o**2 + 10*o - 14. What is the tens digit of s(7)?
0
Let l be (-11655)/(-27) - 2/3. Suppose -l = -5*d + 3*q, 2*d - 6*d = -q - 349. Suppose o - d = -3*o. What is the units digit of o?
2
Let g(f) = -f**2 - 7*f. Let k be g(-7). Let p(y) = 13*y**2 - 7*y + 9. Let i be p(2). Suppose k = -3*u + i + 31. What is the tens digit of u?
2
Suppose 5*q - 880 = 3*m - 5*m, -3*q = -2*m + 912. What is the units digit of m?
0
Suppose 3*k - 17 = -4*n, 5*k = k - 5*n + 23. Let w(i) = -i**3 + 5*i**2 + 7*i - 8. Let u be w(6). Let x = u + k. What is the units digit of x?
5
Let f = 615 + 1760. What is the thousands digit of f?
2
Suppose h - 851 - 1368 = 0. What is the hundreds digit of h?
2
Suppose 4*z - 4*n = 4, -3*n = -2*z + 7*z - 45. Let t(v) = 5*v - 21. Let o be t(z). What is the units digit of (5/(-3))/((-3)/o)?
5
Suppose -u + 3*i = i + 221, 0 = -3*u - 4*i - 673. What is the tens digit of (-2 + (-8)/(-6))*(u - -7)?
4
Let j(t) = -3*t**3 + 7*t**2 + 15*t - 3. What is the hundreds digit of j(-5)?
4
Let w = 29 + 295. Let n = 500 - w. What is the tens digit of n?
7
Let d(t) = -175*t**3 + 2*t**2 - 5. What is the hundreds digit of d(-2)?
4
What is the hundreds digit of 3 + 11/11 + 3563?
5
Let t be (-2 - -7) + -4 + 1. Suppose -3*x = -6, -2*c + t*x + 20 = 5*x. Let g(v) = -v**2 + 10*v - 2. What is the units digit of g(c)?
9
Let o be (-4)/(-8)*0/4. Suppose o = -2*l - 2, -l - 355 = k - 4*k. What is the units digit of k?
8
Suppose 0 = -5*u + 2 + 3. What is the tens digit of ((-4)/(-8))/(u/104)?
5
Let c = -26 + 89. Let r = c - -8. What is the tens digit of r?
7
What is the tens digit of (161/(-14))/((-3)/156*2)?
9
Let b = -2 + 3. Let y(p) = p**3 + 14*p**2 - 15*p. Let j be y(-15). Suppose -2*m + 5*v + 73 = 0, j = -v + b. What is the tens digit of m?
3
Let o = 12 - 12. Let m(n) = n**2 + n + 4. Let h be m(-3). Suppose -j + h = -o*j. What is the units digit of j?
0
Let n(z) = 7*z + 55. Let s be n(-13). What is the hundreds digit of ((-150)/9)/(3/s)?
2
Let q be (-52)/4 + (-3 - -4). Let h = -20 + -1. Let l = q - h. What is the units digit of l?
9
Let h be 35/(-3) + 2/(-24)*4. What is the tens digit of (-4)/(-4)*-1 - h?
1
Let y be (-2)/(-10) - (-45201)/95. Suppose 4*p + p - 3*b - y = 0, 0 = b + 2. What is the tens digit of p?
9
Suppose 0 = -4*u - 245 + 737. What is the tens digit of u?
2
Suppose t + t - 4*u + 50 = 0, -5*t = 5*u + 65. Let v = t - -42. What is the units digit of v?
5
Suppose 2*m = -3*b + 4501, -158*m - 4*b - 11241 = -163*m. What is the tens digit of m?
4
Let x(k) = k**3 + 4*k**2 - 3*k - 6. Let r be (1/3)/(1/(-3)). Let s be 14/(-4) - r/(-2). What is the units digit of x(s)?
6
Suppose 28*q + 88 = 24*q. What is the units digit of q/(-18) + -1 + (-2131)/(-9)?
7
Let s(t) = -t**3 + 19*t**2 - 27*t + 58. What is the hundreds digit of s(17)?
1
Let f be (-14)/35 + 24/10. Let c(d) = -8*d + 5. Let w be c(f). Let m = w + 26. What is the tens digit of m?
1
Suppose 0 = -4*w - 2*u + 2370, -2*u - 1790 = -3*w - u. What is the hundreds digit of w?
5
Suppose 39 = 4*s - 837. What is the units digit of 14/28*(-1 + s)?
9
What is the thousands digit of (-10)/(-2) - (-1109 + -4)?
1
Let l be 3*6*(-3)/3. Let y = -33 - l. Let w = 10 - y. What is the units digit of w?
5
Let m(s) = s**3 - s**2 + 2*s + 7. Let z be m(0). Suppose 0 = o - z + 3. What is the units digit of o + 15/(4 - 1)?
9
What is the tens digit of ((-19974)/10 + 0)*15/(-9)?
2
Suppose 16*m - 3*m = 1092. What is the units digit of m?
4
Let u = -48 - -32. Let a(j) = -j + 32. What is the tens digit of a(u)?
4
Let b(p) = -p**2 + 9*p - 4. Let k be b(6). Suppose 2*x + 8 = -3*x - o, -2*x - k = 4*o. Let q(r) = -18*r**3 - r. What is the units digit of q(x)?
9
Suppose -1431 - 121 = -16*b. What is the tens digit of b?
9
Suppose 21*m = 96 + 156. What is the tens digit of m?
1
Suppose -5*h = 5*a - h + 323, -5*a - 3*h - 321 = 0. Let q = 1091 - 1134. Let m = q - a. What is the units digit of m?
0
Suppose -83*t + 6726 = -12198. What is the units digit of t?
8
What is the units digit of (-4)/(-30) - 26628/(-90)?
6
Suppose -12333 + 62243 = 23*i. What is the thousands digit of i?
2
Let f(z) = 12*z**3 - 20 - 4 - 26*z**2 - 5*z**3 - 6*z - 9*z**3. What is the units digit of f(-13)?
4
What is the hundreds digit of 3*(326/3 + 5)?
3
Suppose -a - 56 = -5*a. Let z = 16 - a. Suppose -h - 5*c = -11, -h - c - 41 = -z*h. What is the tens digit of h?
3
Let a be 12/(-10)*50/(-15). Suppose -a*w - 3*g = 121, 8*g = 3*g + 25. Let b = w - -62. What is the units digit of b?
8
Let y be ((-12)/18)/(2/(-9)). Let v be y*(-6)/(-9) - -2. Suppose 5*a + v*t = 109, 78 = 2*a - 2*t + 20. What is the tens digit of a?
2
Suppose 3*q = 5*m - 704 - 475, 3*q - 693 = -3*m. What is the units digit of (-4 + 11)/21*m/2?
9
Suppose 39*i - 34*i - 4045 = 0. What is the hundreds digit of i?
8
Suppose 4*d - 4*h - 484 = -0*h, 237 = 2*d + 3*h. What is the units digit of 1*2/(-6) + 19960/d?
6
Let c = -48 - -101. Let t = c + 18. What is the units digit of t?
1
Let h(o) = 4*o + 2. Suppose -2*m + i + 17 = 0, 13 = 2*m - 2*i + 5*i. Let p be h(m). Let z = 101 - p. What is the tens digit of z?
6
Let j be -210 + (-4 + 2 - -5). What is the units digit of j/(-6) - 4/8?
4
Suppose 7*o + 1777 = 6663. What is the hundreds digit of o?
6
Suppose 200 = 3*n - 4*r, 7*n = 2*n - 5*r + 310. Let d = 40 - 30. What is the units digit of n/d*15/2?
8
What is the hundreds digit of 3/(-120)*-5 + 275605/88?
1
Let t = 2 + 3. Suppose -4*q - 72 = -t*v, -3*v + 3*q = -68 + 26. Suppose g = v - 5. What is the units digit of g?
1
Let y = 3 - 2. Let b be y - (5 - -1) - -1. Let r = 23 + b. What is the tens digit of r?
1
Let l = -79 + 455. Suppose 0 = 3*c + l + 83. What is the units digit of ((-12)/(-9))/((-6)/c)?
4
Let q = 30 - 1. Suppose -4*p + 65 = -23. Suppose 0 = t + 5*m - q, 0*t - p = -2*t - m. What is the units digit of t?
9
Let q be 3*(-16)/(-9) + 2/3. Suppose -q*s + 1633 + 161 = 0. What is the units digit of s?
9
Let n = 1391 + 205. What is the units digit of n?
6
Let s be 52/6*105/(-5 + 10). Let w = s + -97. What is the units digit of w?
5
Let g(s) = 89*s**2 + 2*s + 13. What is the hundreds digit of g(4)?
4
Let a(t) = 11*t**3 + t**2 - t. Let j(k) = -k + 10. Let c be j(9). Let w be a(c). Let f = w + -3. What is the units digit of f?
8
Suppose 533 = -2*u + 8537. What is the hundreds digit of u?
0
Suppose -23*c + 22*c = -1013. What is the thousands digit of c?
1
What is the tens digit of 2/19 + 1087884/532?
4
Suppose 0 = 4*q - 3*q - 12. Let o be 4/(-10) + 3/((-15)/(-52)). What is the tens digit of (o/3)/(2/q)?
2
Let j = -7 + 102. What is the units digit of j?
5
Let h(n) = -74*n**3 - 3*n**2 - 3*n - 1. Let m be h(-1). Suppose -m = -2*r + 33. What is the tens digit of r?
5
Let s be 13/(-4 + 3 + 2). What is the tens digit of (0 - s)/(15/(-45))?
3
Let x(k) = 4*k**2 + 3*k + 12. Let t be x(9). Suppose -6*s + 465 = -t. What is the units digit of s?
8
Let d(i) = -3*i**2 + 29*i + 8. Let s(y) = 2*y**2 - 15*y - 4. Let b(f) = -4*d(f) - 7*s(f). What is the tens digit of b(-3)?
1
Let l be 1/((-4)/(8*7)). Let b(x) = -12*x + 1. What is the hundreds digit of b(l)?
1
Let m(t) = -t**3 - 11*t**2 + t - 15. Let h = -94 - -81. What is the units digit of m(h)?
0
Suppose -3*b = 21*b - 7104. What is the units digit of b?
6
Suppose 2*d + x - 436 = 0, 3*x = 11 + 1. What is the tens digit of d?
1
Let h(v) be the first derivative of -v**5/20 - v**4 - v**3/6 - 7*v**2/2 + 5*v + 5. Let a(n) be the first derivative of h(n). What is the units digit of a(-12)?
5
Suppose -2*i = b - 1229, -3*b + 6*i - 3*i = -3723. What is the hundreds digit of b?
2
Let a(j) = 7*j**3 - 4*j**2 + 2*j - 6. Let l be a(3). Suppose -2*f - f - 4*h + l = 0, 3*h = -5*f + 255. What is the tens digit of f?
5
Let b be -3 - (-5)/((-4)/(-4)). Suppose -4*z + 15 = -p, -b*p - 7 = 3*p - 3*z. What is the units digit of 4 + (p - -35) - -3?
3
Suppose 5*p - 11 = -36. Let l be (-2)/p - (-2830)/50. Suppose 2*h + h - l = 0. What is the tens digit of h?
1
Suppose -6 = -3*t + 3*u, t - 3*u + u + 1 = 0. Suppose 9*p - t*p = 224. What is the units digit of p?
6
Let k(g) = 2*g - 14. Let b be k(10). What is the units digit of 8/6 + 316/b?
4
Suppose 4*r + 371 + 205 = 3*i, i = r + 192. What is the units digit of i?
2
Let j be (5/2)/((-1)/(-2)). What is the units digit of j/(1 - -4)*33?
3
Let m = -64 